of 20418812?
4
What is the ten millions digit of 405158994?
0
What is the millions digit of 4495456233?
5
What is the hundreds digit of 75500389?
3
What is the hundred thousands digit of 108844977?
8
What is the units digit of 5587525631?
1
What is the thousands digit of 222923920?
3
What is the tens digit of 811110498?
9
What is the hundred thousands digit of 60773350?
7
What is the thousands digit of 4022801192?
1
What is the millions digit of 54346033?
4
What is the ten thousands digit of 2523755979?
5
What is the millions digit of 2454000632?
4
What is the units digit of 829543496?
6
What is the millions digit of 36369835?
6
What is the tens digit of 1236175472?
7
What is the hundreds digit of 7540930077?
0
What is the tens digit of 17267744?
4
What is the thousands digit of 340466837?
6
What is the hundred thousands digit of 196404387?
4
What is the ten thousands digit of 15762501?
6
What is the ten thousands digit of 96232436?
3
What is the hundred thousands digit of 495166557?
1
What is the ten millions digit of 51133357?
5
What is the tens digit of 513540230?
3
What is the tens digit of 798898989?
8
What is the hundred thousands digit of 12126696?
1
What is the units digit of 38309280?
0
What is the ten thousands digit of 5708046560?
4
What is the thousands digit of 53057069?
7
What is the millions digit of 21528059?
1
What is the millions digit of 1168822647?
8
What is the hundred thousands digit of 45432262?
4
What is the ten millions digit of 247061980?
4
What is the units digit of 77269170?
0
What is the thousands digit of 72074035?
4
What is the hundred millions digit of 2497929872?
4
What is the thousands digit of 109583750?
3
What is the units digit of 5103540?
0
What is the hundred thousands digit of 33331650?
3
What is the ten millions digit of 155429676?
5
What is the millions digit of 3606497544?
6
What is the units digit of 233582021?
1
What is the ten thousands digit of 66765483?
6
What is the ten millions digit of 332891755?
3
What is the tens digit of 236012333?
3
What is the hundred thousands digit of 934023780?
0
What is the units digit of 6562982362?
2
What is the tens digit of 53459425?
2
What is the ten millions digit of 103526450?
0
What is the units digit of 960175192?
2
What is the ten thousands digit of 19583552?
8
What is the units digit of 316596453?
3
What is the millions digit of 7480966?
7
What is the thousands digit of 762806?
2
What is the thousands digit of 170217431?
7
What is the hundred thousands digit of 79555595?
5
What is the tens digit of 4860661561?
6
What is the ten thousands digit of 149534853?
3
What is the ten thousands digit of 493130902?
3
What is the hundred millions digit of 106619098?
1
What is the hundred millions digit of 239689346?
2
What is the ten millions digit of 27425238?
2
What is the ten millions digit of 926344494?
2
What is the thousands digit of 2786119468?
9
What is the units digit of 36722163?
3
What is the tens digit of 284717055?
5
What is the millions digit of 701375650?
1
What is the hundred thousands digit of 49815654?
8
What is the hundreds digit of 1168629921?
9
What is the tens digit of 387727498?
9
What is the thousands digit of 2953774670?
4
What is the billions digit of 1189317932?
1
What is the hundred thousands digit of 64317514?
3
What is the hundreds digit of 22292998?
9
What is the ten millions digit of 132056067?
3
What is the millions digit of 63580317?
3
What is the thousands digit of 8542929?
2
What is the hundred thousands digit of 9924151?
9
What is the thousands digit of 5449696099?
6
What is the tens digit of 17390102?
0
What is the thousands digit of 54265090?
5
What is the tens digit of 2805391421?
2
What is the units digit of 24699827?
7
What is the thousands digit of 3730589395?
9
What is the units digit of 3793489?
9
What is the ten thousands digit of 42633291?
3
What is the ten thousands digit of 29136425?
3
What is the ten millions digit of 161863086?
6
What is the thousands digit of 242326477?
6
What is the units digit of 307102784?
4
What is the ten millions digit of 412765284?
1
What is the ten millions digit of 396218689?
9
What is the millions digit of 2294827171?
4
What is the thousands digit of 951330192?
0
What is the ten thousands digit of 483982544?
8
What is the thousands digit of 1300387296?
7
What is the hundred thousands digit of 118529939?
5
What is the units digit of 1558794793?
3
What is the units digit of 565041296?
6
What is the hundreds digit of 150247445?
4
What is the units digit of 100109595?
5
What is the thousands digit of 142647483?
7
What is the hundreds digit of 3291501?
5
What is the hundreds digit of 616975772?
7
What is the hundred millions digit of 1035989421?
0
What is the ten thousands digit of 2176454594?
5
What is the millions digit of 392743959?
2
What is the hundred thousands digit of 8982734?
9
What is the thousands digit of 29304491?
4
What is the ten millions digit of 241566688?
4
What is the hundreds digit of 15700401?
4
What is the hundred thousands digit of 156540806?
5
What is the ten thousands digit of 8479801?
7
What is the millions digit of 74765304?
4
What is the thousands digit of 58500549?
0
What is the ten thousands digit of 8261325?
6
What is the units digit of 2474838054?
4
What is the billions digit of 4891145616?
4
What is the hundred thousands digit of 740837619?
8
What is the millions digit of 222681195?
2
What is the hundreds digit of 29022061?
0
What is the hundred thousands digit of 126329187?
3
What is the hundreds digit of 312491217?
2
What is the ten millions digit of 4974457335?
7
What is the ten thousands digit of 160297324?
9
What is the hundreds digit of 45554196?
1
What is the hundreds digit of 1795884805?
8
What is the hundreds digit of 627237065?
0
What is the ten thousands digit of 65148985?
4
What is the hundred thousands digit of 243359118?
3
What is the tens digit of 99048190?
9
What is the millions digit of 27688286?
7
What is the hundreds digit of 653993820?
8
What is the ten millions digit of 1117821138?
1
What is the ten millions digit of 3284084303?
8
What is the ten thousands digit of 107668853?
6
What is the hundred thousands digit of 47443036?
4
What is the units digit of 10388883?
3
What is the ten millions digit of 1499340114?
9
What is the tens digit of 9921940?
4
What is the hundred thousands digit of 307036374?
0
What is the tens digit of 41647216?
1
What is the hundred thousands digit of 64314062?
3
What is the millions digit of 373546389?
3
What is the hundred millions digit of 232706651?
2
What is the ten millions digit of 51012092?
5
What is the ten thousands digit of 66209161?
0
What is the hundreds digit of 117480814?
8
What is the tens digit of 17736508?
0
What is the thousands digit of 436820589?
0
What is the millions digit of 16102394?
6
What is the thousands digit of 2518895686?
5
What is the tens digit of 10530710?
1
What is the tens digit of 20909574?
7
What is the millions digit of 711175028?
1
What is the units digit of 117414106?
6
What is the ten millions digit of 960243150?
6
What is the hundreds digit of 10090318?
3
What is the ten millions digit of 3403043649?
0
What is the billions digit of 1984564597?
1
What is the thousands digit of 673872488?
2
What is the thousands digit of 3015262904?
2
What is the millions digit of 497449889?
7
What is the hundred thousands digit of 426778792?
7
What is the ten thousands digit of 8531087056?
8
What is the ten millions digit of 1513180050?
1
What is the tens digit of 57655321?
2
What is the ten millions digit of 222901845?
2
What is the ten millions digit of 144549861?
4
What is the hundred millions digit of 415266197?
4
What is the ten thousands digit of 828184690?
8
What is the ten thousands digit of 1026223703?
2
What is the hundred millions digit of 1612303628?
6
What is the hundred thousands digit of 987376?
9
What is the thousands digit of 114393596?
3
What is the units digit of 3674768059?
9
What is the units digit of 53831754?
4
What is the millions digit of 11583385?
1
What is the ten millions digit of 7859344090?
5
What is the millions digit of 269661201?
9
What is the hundreds digit of 8686598655?
6
What is the ten thousands digit of 67981883?
8
What is the hundred millions digit o